{"id":7,"date":"2013-11-08T10:06:30","date_gmt":"2013-11-08T10:06:30","guid":{"rendered":"http:\/\/www.euro2024.cz\/?page_id=7"},"modified":"2020-04-27T07:58:28","modified_gmt":"2020-04-27T05:58:28","slug":"o-monitoru","status":"publish","type":"page","link":"https:\/\/www.monitor-bk.cz\/?page_id=7","title":{"rendered":"O Monitoru"},"content":{"rendered":"<p><a href=\"http:\/\/www.euro2024.cz\/wp-content\/uploads\/cropped-mon_logoRGB.jpg\"><img decoding=\"async\" loading=\"lazy\" class=\"size-medium wp-image-5 alignleft\" src=\"http:\/\/www.euro2024.cz\/wp-content\/uploads\/cropped-mon_logoRGB-300x80.jpg\" alt=\"cropped-mon_logoRGB.jpg\" width=\"300\" height=\"80\" srcset=\"https:\/\/www.monitor-bk.cz\/wp-content\/uploads\/cropped-mon_logoRGB-300x80.jpg 300w, https:\/\/www.monitor-bk.cz\/wp-content\/uploads\/cropped-mon_logoRGB-500x133.jpg 500w, https:\/\/www.monitor-bk.cz\/wp-content\/uploads\/cropped-mon_logoRGB.jpg 1000w\" sizes=\"(max-width: 300px) 100vw, 300px\" \/><\/a><\/p>\n<p>&nbsp;<\/p>\n<p>&nbsp;<\/p>\n<p>&nbsp;<\/p>\n<p><strong>\u010ctrn\u00e1ctiden\u00edk Monitor existuje ji\u017e od roku 1995. Je to nejstar\u0161\u00ed soukrom\u00fd titul blanensk\u00e9ho regionu, na jeho\u017e podob\u011b se pod\u00edlej\u00ed jednak \u010dten\u00e1\u0159i a hlavn\u011b inzerenti p\u016fsob\u00edc\u00ed na Blanensku. Je doru\u010dov\u00e1n zdarma do v\u0161ech schr\u00e1nek Blanska a okol\u00ed v n\u00e1kladu 10.000 ks. Za dobu sv\u00e9 existence prod\u011blal Monitor mnoho zm\u011bn, ov\u0161em v\u017edy si dr\u017eel pov\u011bst nej\u010dten\u011bj\u0161\u00edho a nejobl\u00edben\u011bj\u0161\u00edho periodika sv\u00e9ho druhu v Blansku.<\/strong><\/p>\n","protected":false},"excerpt":{"rendered":"<p>&nbsp; &nbsp; &nbsp; \u010ctrn\u00e1ctiden\u00edk Monitor existuje ji\u017e od roku 1995. Je to nejstar\u0161\u00ed soukrom\u00fd titul blanensk\u00e9ho regionu, na jeho\u017e podob\u011b<\/p>\n","protected":false},"author":1,"featured_media":5,"parent":0,"menu_order":2,"comment_status":"closed","ping_status":"closed","template":"","meta":[],"_links":{"self":[{"href":"https:\/\/www.monitor-bk.cz\/index.php?rest_route=\/wp\/v2\/pages\/7"}],"collection":[{"href":"https:\/\/www.monitor-bk.cz\/index.php?rest_route=\/wp\/v2\/pages"}],"about":[{"href":"https:\/\/www.monitor-bk.cz\/index.php?rest_route=\/wp\/v2\/types\/page"}],"author":[{"embeddable":true,"href":"https:\/\/www.monitor-bk.cz\/index.php?rest_route=\/wp\/v2\/users\/1"}],"replies":[{"embeddable":true,"href":"https:\/\/www.monitor-bk.cz\/index.php?rest_route=%2Fwp%2Fv2%2Fcomments&post=7"}],"version-history":[{"count":16,"href":"https:\/\/www.monitor-bk.cz\/index.php?rest_route=\/wp\/v2\/pages\/7\/revisions"}],"predecessor-version":[{"id":6882,"href":"https:\/\/www.monitor-bk.cz\/index.php?rest_route=\/wp\/v2\/pages\/7\/revisions\/6882"}],"wp:featuredmedia":[{"embeddable":true,"href":"https:\/\/www.monitor-bk.cz\/index.php?rest_route=\/wp\/v2\/media\/5"}],"wp:attachment":[{"href":"https:\/\/www.monitor-bk.cz\/index.php?rest_route=%2Fwp%2Fv2%2Fmedia&parent=7"}],"curies":[{"name":"wp","href":"https:\/\/api.w.org\/{rel}","templated":true}]}}